0 = -4*y - o + 222, -3*y + 2*o + 170 = o. What are the prime factors of y?
2, 7
Suppose -124*i = -119*i - 1475. List the prime factors of i.
5, 59
Let v be 2*(2 - 1) + 1. Let u = -1 + v. List the prime factors of u.
2
Let k(w) be the third derivative of w**8/20160 - w**7/720 + w**6/360 + w**5/60 + w**2. Let y(o) be the third derivative of k(o). List the prime factors of y(7).
2
Suppose -3*b + 3*x = -0*x - 90, -106 = -3*b - 5*x. What are the prime factors of b?
2
Let w = -75 + 152. What are the prime factors of w?
7, 11
Let s(v) = -v**3 - 8*v**2 + 8*v + 3. Let i = 9 + -30. Let c = i - -12. What are the prime factors of s(c)?
2, 3
What are the prime factors of 12*(20/12 - 1)?
2
Let w = 40 + 8. What are the prime factors of w?
2, 3
Suppose 4 = -3*f + a + 3, 2*f = 2*a - 2. Suppose 2*p + 41 + 7 = f. List the prime factors of (3/2)/((-9)/p).
2
Let c = 12 - 12. Suppose c*h - 13 = -2*h - 5*a, 0 = -3*h + 3*a + 30. What are the prime factors of h?
3
Suppose -j = 5*f + 2*j - 1965, 2*j - 386 = -f. Suppose -4*v = -v - f. List the prime factors of (1/(-3))/((-4)/v).
11
Let a(d) = d**2 - 6*d - 2. Let x be a(9). Suppose x - 5 = 4*q. Suppose 0 = q*w + 2*b - 15, -2*w + 3*b - 4*b = -6. What are the prime factors of w?
3
Let w(o) = o**2 - 7*o + 4. Let b = -12 - -20. Let y be w(b). Suppose 2*s - 20 = -3*r, -5*s + y + 5 = 2*r. What are the prime factors of r?
2, 3
Suppose o - 59 - 143 = 0. What are the prime factors of o?
2, 101
Suppose 5*g - 5*s = 310, -6*s + 62 = g - s. What are the prime factors of g?
2, 31
Let t = 270 - 105. List the prime factors of t.
3, 5, 11
Let i be (2/6)/((-5)/(-45)). Let l(w) = 6*w - 2. What are the prime factors of l(i)?
2
Let f = -1 + 27. List the prime factors of f.
2, 13
Let r = -42 - -140. What are the prime factors of r?
2, 7
Let u(m) = m**3 - 10*m**2 + 4*m - 5. What are the prime factors of u(10)?
5, 7
Let y be 3 - 2/(1 + -3). Suppose y*h - 77 - 43 = 0. Let k = 52 - h. What are the prime factors of k?
2, 11
Suppose -5*m - 51 = -2*m. Let z = 42 + m. What are the prime factors of z?
5
Let u = 86 - -2. What are the prime factors of u?
2, 11
Suppose 3*w - 370 = 5*b - 1243, 5*w = -b + 169. List the prime factors of b.
2, 3, 29
Let p = 6 + -5. What are the prime factors of (p/1)/(1/9)?
3
Let g(l) = l**2 + 7*l + 3. Let m be g(-5). Let z = 10 + m. List the prime factors of z.
3
Let q = 42 + -22. List the prime factors of q.
2, 5
Let j = 18 + -25. Let n = j - -21. Let s = 25 - n. What are the prime factors of s?
11
Let x = 3 - 4. Let o = 3 + x. Let q = o + 3. List the prime factors of q.
5
Suppose 0 = -4*o - l - 0*l + 160, 2*o - 98 = -5*l. Let g = -12 + o. What are the prime factors of g?
3
Suppose -4*n = 0, -m - 12 = -5*m - n. Suppose -5*a - 36 = -2*b, m*b = b - 3*a + 52. What are the prime factors of b?
23
Let s = -249 + 348. Suppose -3*d + 18 = -s. What are the prime factors of d?
3, 13
Let t = 153 + -264. What are the prime factors of 2/4 - t/6?
19
Let g = 4 - 10. Let x be g/(-4)*2 - -1. Let m = 12 - x. List the prime factors of m.
2
Let h be (-10)/(-60) - (-2)/(-12). Let g = 0 - 0. Suppose g = -o + 4 - h. What are the prime factors of o?
2
Let p = 40 - 23. Suppose p = 5*l - 13. What are the prime factors of l?
2, 3
Suppose 0 = 2*h - 46 + 6. What are the prime factors of h?
2, 5
Let a(v) = -v**3 - 6*v**2 - 7*v - 1. Let g be a(-5). Let f(w) = 3*w. Let d be f(1). Let j = d + g. List the prime factors of j.
2, 3
Let x = -371 + 532. List the prime factors of x.
7, 23
Suppose 0 = n - 17 - 20. What are the prime factors of n?
37
What are the prime factors of 573/15 - (-5)/(-25)?
2, 19
Suppose 3*l = 5*n + 6*l - 517, 5*l = 4*n - 421. List the prime factors of n.
2, 13
Suppose 0 = -0*w - 2*w - 2*g - 8, 2*w = 2*g. List the prime factors of ((-1)/w)/(3/318).
53
What are the prime factors of (-5)/((-20)/16)*334/8?
167
Let t(m) = 2*m + 6. Let l be t(-4). Let v = l + 8. Let y(w) = 3*w + 1. List the prime factors of y(v).
19
Let m(a) = 2*a**3 + a**2 - 4*a + 9. List the prime factors of m(5).
2, 3, 11
Let a(z) = -10*z - 18. List the prime factors of a(-9).
2, 3
Suppose 1 + 3 = -b. What are the prime factors of (-3)/b*396/9?
3, 11
Suppose z - 2 = 3*s, 5*z + 4*s + 51 = 4. Let q = z + 2. List the prime factors of (-3 - q - 0) + 3.
5
Let g = -27 + 47. List the prime factors of g.
2, 5
Suppose 0*v + 4*v - 44 = -m, 3*v - m = 33. List the prime factors of v.
11
Let w = -21 + 39. Suppose w = 4*z - z. What are the prime factors of (-1)/(-3) + 22/z?
2
Let b(x) = 3*x**3 - 2*x**2 + 3*x - 3. Let a be b(2). Suppose -3*u = -3*w + 2*w + a, 0 = -w + u + 13. List the prime factors of w.
2, 5
Let i(c) = c**3 - 8*c**2 + 13*c + 9. What are the prime factors of i(7)?
3, 17
Let u = -3 - -6. Suppose -6 + 0 = -u*n. List the prime factors of n.
2
Let r(c) = c**2 - 7*c + 7. List the prime factors of r(8).
3, 5
Let m = -26 + 18. Suppose 2*q = 4*c - 18 - 56, 2*c = 4*q + 52. Let i = m + c. List the prime factors of i.
2
Let q(g) = 6*g**2 + 4 + g**3 - g + 2*g + 4. Let h be q(-6). What are the prime factors of 1/(h/12) + -1?
5
What are the prime factors of (-1)/((-8)/(-6)) + 111/4?
3
Let d(m) = m + 8. Let f(q) = -q - 4. Let l(a) = 3*d(a) + 5*f(a). Let u be l(-3). Suppose -x + 0*x + u = 0. List the prime factors of x.
2, 5
Suppose 0 = 4*i - 8. Suppose 2*r = 3*r - i. What are the prime factors of r?
2
Let d(f) = -5*f**3 - 2*f**2 - 2*f - 3. List the prime factors of d(-2).
3, 11
Suppose -3*y + 3*t = 6*t - 3, -5*y + 3*t = 35. Suppose -122 = 5*u - 0*n - 3*n, -5*u = -5*n + 120. What are the prime factors of u*(y/10)/1?
2, 5
Let i be (-8)/(-52) + 15/(-13). What are the prime factors of (-3 - -13) + 3 + i?
2, 3
What are the prime factors of (0 - -15)/((-6)/(-60)*3)?
2, 5
Let c(j) = 0 + 9*j - 13*j - 2. List the prime factors of c(-5).
2, 3
Suppose -4*o + 320 = -2*p + 4*p, 2*o - 166 = 2*p. What are the prime factors of 2124/o - 2/9?
2, 13
Suppose 5*b + 2 = 2*m - 4, 6 = 3*b + 2*m. Let a = b - -1. Let y(u) = 6*u**3 - 2*u**2 + u. What are the prime factors of y(a)?
5
Let p = -1 + -3. What are the prime factors of (p/6)/((-1)/15)?
2, 5
Let u(n) = 4*n + 5. Let r(i) = -7*i - 9. Let l(v) = 6*r(v) + 11*u(v). Let f = 7 - 2. List the prime factors of l(f).
11
Let a = 706 - 389. What are the prime factors of a?
317
Suppose -2*q + 1 = -2*k - 1, q = -3*k + 13. Suppose 0 = q*l - 5*l. Suppose 0 = -5*a - 3*b + 13 - 2, l = -2*a + b + 11. What are the prime factors of a?
2
Let m(b) = 5*b - 6 + 1 - 2*b. What are the prime factors of m(5)?
2, 5
Suppose 2*c + 3*c - 25 = 0. Suppose 0*n - 50 = -c*n. What are the prime factors of 2/4 - n/(-4)?
3
Let b = 8 - 3. What are the prime factors of ((-1)/1)/((-1)/b)?
5
Suppose -3*b + 5*b - 8 = 0. Let t(z) = -5*z + 6. Let h(v) = -6*v + 7. Let l(s) = 4*h(s) - 5*t(s). What are the prime factors of l(b)?
2
Let m(o) = -o**2 - 3*o + 1. Let j be m(-4). Let x = j - -7. List the prime factors of 8/(-10)*(-10)/x.
2
Let g(c) = 2*c**2 - 3. Let o be g(4). Let v = o - 20. Suppose -39 = 6*k - v*k. What are the prime factors of k?
13
Let i(l) = 20*l**2 + 1. List the prime factors of i(2).
3
Let o be ((-12)/(-10))/(3/(-15)). Let k be (o/(-9))/(2/(-6)). Let l = k + 7. What are the prime factors of l?
5
Suppose 2*r + 3*r = 25, 0 = -3*l + 2*r - 16. Let h be 67/4 + l/(-8). Let c = h - -3. What are the prime factors of c?
2, 5
Let c = -153 - -222. Suppose 2*n - c = -n. What are the prime factors of n?
23
Let z(h) = -h**3 + 5*h**2 + 2*h + 5. List the prime factors of z(4).
29
What are the prime factors of 22/((-1)/5*-2)?
5, 11
Suppose -20 = -2*a + 4*p, 5*a = -4*p - 3 - 3. Suppose 5*s - 110 = -3*k, k - 3*k + a*s + 68 = 0. What are the prime factors of k?
5, 7
Suppose 10*k - 135 = -5*k. List the prime factors of k.
3
Let i = -8 - -22. Suppose 5*w = 1 + i. What are the prime factors of w?
3
Let t(q) = q**3 + 7*q**2 + 2*q + 10. Suppose 2*y = -5*v + y - 33, 2*v + 12 = -y. Let a be t(v). What are the prime factors of 19 + (-2 - a - 1)?
2, 5
Suppose 2*f + 2*f - 4 = 0. Suppose -t - 3 = 2*k - f, 4*k - 3*t - 6 = 0. Suppose k*c - 18 = -c + y, 5*y + 6 = -c. List the prime factors of c.
2, 7
Suppose 0*x - 4*g = 5*x + 20, -2*g = -5*x + 10. Suppose x = -3*c + 3 + 12. What are the prime factors of c?
5
Suppose -3*n + 4*n = -3*h, 0 = 2*n + 2*h - 8. List the prime factors of n.
2, 3
Let f be ((1 + -1)/1)/(-2).